mainder when 1322979 is divided by 330699.
183
Calculate the remainder when 484880 is divided by 17958.
14
What is the remainder when 3083494 is divided by 3598?
8
Calculate the remainder when 1340 is divided by 41.
28
Calculate the remainder when 49578126 is divided by 3199.
24
Calculate the remainder when 17184992 is divided by 11.
0
What is the remainder when 940064 is divided by 940041?
23
What is the remainder when 100362775 is divided by 23?
21
Calculate the remainder when 36103629 is divided by 59.
54
Calculate the remainder when 15999672 is divided by 7999829.
14
Calculate the remainder when 10155820 is divided by 76.
16
What is the remainder when 105917152 is divided by 19002?
4
Calculate the remainder when 9932 is divided by 2474.
36
Calculate the remainder when 10301787 is divided by 83.
76
What is the remainder when 957058 is divided by 31?
26
What is the remainder when 305857 is divided by 19956?
6517
Calculate the remainder when 6331908 is divided by 10732.
28
What is the remainder when 1644837157 is divided by 17?
15
What is the remainder when 586428 is divided by 8380?
8208
What is the remainder when 1179774 is divided by 243?
9
Calculate the remainder when 27735158 is divided by 3700.
3658
Calculate the remainder when 13489634 is divided by 38.
14
What is the remainder when 33971608 is divided by 590?
588
Calculate the remainder when 1778604 is divided by 682.
630
What is the remainder when 114546367 is divided by 1874?
1865
What is the remainder when 3688378 is divided by 1143?
1060
What is the remainder when 2881145 is divided by 8327?
3
What is the remainder when 112845 is divided by 28059?
609
What is the remainder when 147328 is divided by 73663?
2
What is the remainder when 3297945 is divided by 659584?
25
Calculate the remainder when 211141371 is divided by 183.
180
What is the remainder when 120848661 is divided by 3914?
3911
What is the remainder when 102819479 is divided by 3508?
3507
Calculate the remainder when 21591747 is divided by 20544.
3
Calculate the remainder when 18920770 is divided by 111.
43
What is the remainder when 21064020 is divided by 5266004?
4
What is the remainder when 14379284 is divided by 159?
119
Calculate the remainder when 152448380 is divided by 11.
7
What is the remainder when 13892190 is divided by 1268?
1250
Calculate the remainder when 1479818 is divided by 1416.
98
Calculate the remainder when 285715 is divided by 17855.
35
Calculate the remainder when 383346947 is divided by 8211.
8201
What is the remainder when 1413470842 is divided by 157?
156
Calculate the remainder when 229763 is divided by 12760.
83
Calculate the remainder when 108201 is divided by 1132.
661
Calculate the remainder when 75904 is divided by 976.
752
Calculate the remainder when 4007396 is divided by 686.
470
Calculate the remainder when 2540860 is divided by 282300.
160
Calculate the remainder when 1743602 is divided by 374.
14
Calculate the remainder when 31792947 is divided by 1575.
1572
Calculate the remainder when 6340451 is divided by 2589.
2579
What is the remainder when 130540160 is divided by 4835?
4830
Calculate the remainder when 96521853 is divided by 16.
13
Calculate the remainder when 3767669 is divided by 3767572.
97
What is the remainder when 228919 is divided by 76226?
241
What is the remainder when 362352 is divided by 362272?
80
What is the remainder when 396072 is divided by 4299?
564
Calculate the remainder when 23193083 is divided by 23193069.
14
What is the remainder when 161336 is divided by 1718?
1562
Calculate the remainder when 5213169 is divided by 6207.
5496
What is the remainder when 3901217 is divided by 84809?
3
Calculate the remainder when 82035 is divided by 40978.
79
What is the remainder when 114012 is divided by 3328?
860
Calculate the remainder when 22148568 is divided by 1006753.
2
Calculate the remainder when 381787 is divided by 3610.
2737
Calculate the remainder when 7451676 is divided by 363.
12
What is the remainder when 19636690 is divided by 1963668?
10
Calculate the remainder when 10323838 is divided by 2280.
2278
Calculate the remainder when 992678 is divided by 286.
258
Calculate the remainder when 7561715 is divided by 34.
13
What is the remainder when 97948 is divided by 899?
856
What is the remainder when 577766 is divided by 144312?
518
Calculate the remainder when 19645958 is divided by 27.
2
Calculate the remainder when 584769 is divided by 292382.
5
Calculate the remainder when 4149 is divided by 3540.
609
Calculate the remainder when 98633 is divided by 1196.
561
What is the remainder when 18982902 is divided by 87?
24
What is the remainder when 84642 is divided by 407?
393
Calculate the remainder when 20791883 is divided by 122.
33
What is the remainder when 3628681 is divided by 362868?
1
What is the remainder when 165919 is divided by 41091?
1555
Calculate the remainder when 24210044 is divided by 3026255.
4
Calculate the remainder when 89005 is divided by 1898.
1697
What is the remainder when 1200775 is divided by 80?
55
What is the remainder when 29909898 is divided by 141?
132
What is the remainder when 3810887 is divided by 293072?
951
Calculate the remainder when 7590802 is divided by 13.
11
Calculate the remainder when 145052 is divided by 48249.
305
Calculate the remainder when 22973266 is divided by 957219.
10
Calculate the remainder when 20939732 is divided by 5234930.
12
Calculate the remainder when 321055 is divided by 190.
145
Calculate the remainder when 237113 is divided by 7902.
53
Calculate the remainder when 231782891 is divided by 77260963.
2
Calculate the remainder when 106162 is divided by 2952.
2842
Calculate the remainder when 86895 is divided by 679.
662
Calculate the remainder when 1707805488 is divided by 2611.
2608
What is the remainder when 8291586 is divided by 1658289?
141
Calculate the remainder when 87264 is divided by 10879.
232
What is the remainder when 104746 is divided by 2323?
211
Calculate the remainder when 48133 is divided by 697.
40
Calculate the remainder when 2076145 is divided by 12358.
1
Calculate the remainder when 1370925 is divided by 8106.
1011
Calculate the remainder when 861674 is divided by 313.
298
Calculate the remainder when 517617 is divided by 258406.
805
What is the remainder when 223067 is divided by 24777?
74
What is the remainder when 109367783 is divided by 36455924?
11
What is the remainder when 977887 is divided by 920?
847
What is the remainder when 126121782 is divided by 19?
10
Calculate the remainder when 5101671 is divided by 414.
363
What is the remainder when 2465446 is divided by 12389?
35
What is the remainder when 11049633 is divided by 1104962?
13
Calculate the remainder when 37353 is divided by 167.
112
Calculate the remainder when 34851378 is divided by 10.
8
What is the remainder when 8452805 is divided by 59?
52
What is the remainder when 686739 is divided by 8584?
19
What is the remainder when 1836375 is divided by 296?
287
Calculate the remainder when 57231 is divided by 9168.
2223
Calculate the remainder when 615091 is divided by 8090.
251
Calculate the remainder when 609792 is divided by 101491.
846
What is the remainder when 916652 is divided by 1302?
44
Calculate the remainder when 285501 is divided by 418.
7
Calculate the remainder when 737082 is divided by 347.
54
What is the remainder when 2261174 is divided by 6790?
104
Calculate the remainder when 1770485 is divided by 29505.
185
Calculate the remainder when 455982 is divided by 113994.
6
What is the remainder when 38447145 is divided by 64617?
30
Calculate the remainder when 9576 is divided by 872.
856
Calculate the remainder when 779211 is divided by 47.
45
Calculate the remainder when 132536 is divided by 32589.
2180
Calculate the remainder when 15119343 is divided by 1052.
1051
Calculate the remainder when 237921 is divided by 59468.
49
Calculate the remainder when 1560116 is divided by 50.
16
Calculate the remainder when 1828234 is divided by 29.
16
Calculate the remainder when 2521779 is divided by 4.
3
Calculate the remainder when 148498 is divided by 772.
274
Calculate the remainder when 7619458 is divided by 47.
6
What is the remainder when 181115 is divided by 7163?
2040
What is the remainder when 6382